0452 is divided by 1228?
28
Calculate the remainder when 1130645 is divided by 932.
129
What is the remainder when 29911 is divided by 29723?
188
What is the remainder when 1166154 is divided by 36?
6
What is the remainder when 6138540 is divided by 336?
156
Calculate the remainder when 45647030 is divided by 120.
110
Calculate the remainder when 75769 is divided by 158.
87
Calculate the remainder when 1161093 is divided by 171.
3
Calculate the remainder when 290162 is divided by 1915.
997
What is the remainder when 8953400 is divided by 3?
2
Calculate the remainder when 11412833 is divided by 5706197.
439
Calculate the remainder when 646146 is divided by 3762.
2844
What is the remainder when 155103 is divided by 154841?
262
Calculate the remainder when 11933858 is divided by 178117.
19
Calculate the remainder when 942939 is divided by 154.
151
What is the remainder when 51871 is divided by 2457?
274
Calculate the remainder when 750806 is divided by 187688.
54
Calculate the remainder when 674816 is divided by 1024.
0
Calculate the remainder when 141494 is divided by 70443.
608
What is the remainder when 1184604 is divided by 24670?
444
Calculate the remainder when 153788003 is divided by 35.
33
Calculate the remainder when 20171373 is divided by 1908.
1905
What is the remainder when 7086 is divided by 2632?
1822
Calculate the remainder when 2163536 is divided by 2242.
6
What is the remainder when 79093 is divided by 39493?
107
What is the remainder when 144455 is divided by 1903?
1730
Calculate the remainder when 2350689 is divided by 1175320.
49
What is the remainder when 9336535 is divided by 518695?
25
Calculate the remainder when 23543 is divided by 1315.
1188
Calculate the remainder when 254139067 is divided by 570.
7
Calculate the remainder when 6889552 is divided by 1377908.
12
Calculate the remainder when 33931 is divided by 799.
373
Calculate the remainder when 118765764 is divided by 287.
285
Calculate the remainder when 93659 is divided by 84524.
9135
Calculate the remainder when 1995732 is divided by 498919.
56
What is the remainder when 929134 is divided by 7315?
129
What is the remainder when 19683 is divided by 334?
311
What is the remainder when 315524 is divided by 382?
374
What is the remainder when 16015133 is divided by 18?
11
Calculate the remainder when 3371079 is divided by 554.
543
Calculate the remainder when 32016424 is divided by 82.
16
What is the remainder when 573702 is divided by 28649?
722
What is the remainder when 18292950 is divided by 509?
508
Calculate the remainder when 5244 is divided by 3675.
1569
What is the remainder when 168706 is divided by 55846?
1168
Calculate the remainder when 240718 is divided by 2895.
433
What is the remainder when 1444339 is divided by 106?
89
Calculate the remainder when 209212526 is divided by 253.
248
Calculate the remainder when 15362607 is divided by 3072513.
42
Calculate the remainder when 7532 is divided by 980.
672
Calculate the remainder when 147695 is divided by 147688.
7
Calculate the remainder when 348380 is divided by 1218.
32
What is the remainder when 18081612 is divided by 1166?
450
What is the remainder when 182226057 is divided by 3060?
3057
What is the remainder when 467572 is divided by 254?
212
Calculate the remainder when 37030 is divided by 8939.
1274
Calculate the remainder when 560364 is divided by 58.
26
Calculate the remainder when 553986 is divided by 183207.
4365
Calculate the remainder when 3799146 is divided by 12497.
58
What is the remainder when 401455059 is divided by 1186?
1175
Calculate the remainder when 6199728 is divided by 2322.
2310
What is the remainder when 14406113 is divided by 120?
113
Calculate the remainder when 4106067 is divided by 774.
771
What is the remainder when 101971 is divided by 9596?
6011
Calculate the remainder when 6751498 is divided by 611.
559
What is the remainder when 6984 is divided by 102?
48
Calculate the remainder when 1105361 is divided by 424.
417
Calculate the remainder when 1671 is divided by 533.
72
What is the remainder when 132335307 is divided by 26467060?
7
What is the remainder when 5969922 is divided by 5969912?
10
Calculate the remainder when 19241268 is divided by 79182.
42
What is the remainder when 11809929 is divided by 2?
1
What is the remainder when 50891 is divided by 2146?
1533
What is the remainder when 17823197 is divided by 371316?
29
Calculate the remainder when 241384 is divided by 16267.
13646
Calculate the remainder when 758210097 is divided by 4820.
4817
Calculate the remainder when 601679 is divided by 601358.
321
Calculate the remainder when 56215 is divided by 28087.
41
Calculate the remainder when 1601813 is divided by 533925.
38
What is the remainder when 322357 is divided by 12204?
5053
What is the remainder when 925988 is divided by 185142?
278
What is the remainder when 16886 is divided by 3042?
1676
What is the remainder when 586791 is divided by 97794?
27
Calculate the remainder when 374560 is divided by 851.
120
What is the remainder when 7623602 is divided by 133?
42
Calculate the remainder when 963431 is divided by 678.
671
Calculate the remainder when 178238487 is divided by 446713.
0
What is the remainder when 5351404 is divided by 7516?
12
Calculate the remainder when 8486477 is divided by 268.
257
What is the remainder when 43241 is divided by 3581?
269
Calculate the remainder when 403232635 is divided by 218.
215
Calculate the remainder when 216138405 is divided by 34.
31
Calculate the remainder when 68391991 is divided by 417024.
55
Calculate the remainder when 69518 is divided by 176.
174
Calculate the remainder when 263548 is divided by 13861.
189
Calculate the remainder when 1957648 is divided by 4982.
4704
What is the remainder when 191891 is divided by 191829?
62
Calculate the remainder when 776650668 is divided by 19.
18
What is the remainder when 200193825 is divided by 61?
60
Calculate the remainder when 44394 is divided by 1358.
938
What is the remainder when 26057061 is divided by 178?
175
Calculate the remainder when 7508978 is divided by 938619.
26
What is the remainder when 740775 is divided by 53?
47
What is the remainder when 1548317 is divided by 515097?
3026
What is the remainder when 118957 is divided by 66?
25
Calculate the remainder when 61170 is divided by 61122.
48
Calculate the remainder when 66660991 is divided by 9.
7
What is the remainder when 10377699 is divided by 2458?
23
What is the remainder when 7783 is divided by 7235?
548
Calculate the remainder when 25727379 is divided by 123.
84
What is the remainder when 33265582 is divided by 22?
20
What is the remainder when 41114214 is divided by 30?
24
Calculate the remainder when 42397 is divided by 42041.
356
What is the remainder when 5772192 is divided by 207?
204
Calculate the remainder when 506010 is divided by 23.
10
Calculate the remainder when 173233 is divided by 21640.
113
What is the remainder when 40946098 is divided by 1300?
1298
What is the remainder when 60307 is divided by 14729?
1391
What is the remainder when 6841384 is divided by 5447?
5399
Calculate the remainder when 87764 is divided by 171.
41
Calculate the remainder when 231696 is divided by 45754.
2926
Calculate the remainder when 1341052 is divided by 642.
556
Calculate the remainder when 322446247 is divided by 3010.
3007
What is the remainder when 907730 is divided by 2503?
1644
What is the remainder when 104095888 is divided by 62?
58
Calculate the remainder when 15132221 is divided by 808.
805
Calculate the remainder when 182480202 is divided by 1966.
14
What is the remainder when 11272 is divided by 4185?
2902
Calculate the remainder when 1345899 is divided by 103.
101
Calculate the remainder when 194353 is divided by 48587.
5
What is the remainder when 11393 is divided by 10550?
843
What is the remainder when 13482599 is divided by 53501?
347
What is the remainder when 339950 is divided by 659?
565
What is the remainder when 39480 is divided by 18357?
2766
Calculate the remainder when 3101324 is divided by 432.
428
What is the remainder when 3338781 is divided by 1768?
797
Calculate the remainder when 849243 is divided by 2859.
120
Calculate the remainder when 732603 is divided by 1566.
1281
What is th